- (106 - 108) - -8?
0
Calculate 7 - (-21 - (21 - 40)).
9
Calculate 1 - (-12 + 19) - -13.
7
What is the value of -6 - -6 - -7 - (-4 - -7 - -9)?
-5
Evaluate 9 + -5 + 16 + (-14 - 37).
-31
Evaluate (29 - 45) + 2 + 1 + 2.
-11
Calculate 1 - -3 - (-4 - -21 - 8 - 0).
-5
Evaluate -18 - (-17 - (-14 - 0) - 9).
-6
What is 47 - 50 - (0 - -7)?
-10
Calculate (-4 + 14 - (18 - -6)) + -3.
-17
Evaluate 12 - (29 + -54 + 31).
6
9 - ((17 + 8 - 6) + -2)
-8
What is 12 + -54 + 22 - -12?
-8
What is the value of -5 + -6 + 10 + -1 + -3 + 8?
3
2 - (-1 + 5 - (-81 + 82))
-1
-5 + (2 - 10) + 17 - (-2 - 18)
24
-2 + -8 + (67 - 19) + -25 + 9
22
What is (-7 + -6 - -23) + -3?
7
What is 11 - (((-11 - -10) + -16 - -10) + 43)?
-25
Evaluate (-10 - (-9 + -1 + 1)) + 15.
14
(-3 - -4) + -8 - (3 - 19) - 2
7
Evaluate (104 - 103) + (-4 - -1).
-2
17 + 0 + (-496 + 495 - (2 - 1))
15
What is (4 - (23 + -3)) + 0 - -2?
-14
What is the value of -46 + 6 + -1 + 23?
-18
Calculate (-3 - -5) + 2 + -8 - (65 - 69).
0
Calculate -7 + 4 + 15 + 5 + -6.
11
Calculate 6 + -18 + (-1 - -3).
-10
What is -81 + 105 + 2 + -21 + (-22 - -1)?
-16
Calculate (-1751 - -1775) + -1 + -4 + 3 + -1.
21
-16 - ((-11 - -14 - -7) + -10)
-16
Calculate -17 - (-40 + 19 + 3).
1
-27 + -16 + 36 - -22
15
Calculate 3 - (-6 + 5) - -4.
8
What is 9 + -3 - (8 + (-23 - (-16 + 7)))?
12
What is the value of 2 + -1 + (-1 - 3)?
-3
What is the value of -3 + -6 + (-10 - -8) + 9?
-2
What is the value of -1 + -13 - (1 + 14 - 15)?
-14
Evaluate 1 + (10 - 9) + -16.
-14
What is the value of 0 + 3 - ((0 - 22) + (-23 - -32))?
16
What is the value of 11 - (57 - (-31 + 69))?
-8
What is the value of 25 + (16 - (69 - 23))?
-5
15 - 3 - (-5 + 5 - -10)
2
Calculate (-18 - (-14 + -34) - 13) + -12.
5
Calculate 0 + 2 + (-1 + 13 + -18 - 9).
-13
Calculate (0 - 6) + (11 - (10 - -5)).
-10
What is the value of (-5 - (28 + -11)) + (1 - -8)?
-13
Calculate (9 - 42) + (23 - 3).
-13
1 + -9 + 0 + 13 + -5 + -1
-1
What is the value of 17 - (-22 - -66) - -38?
11
-5 - (2 + 12 - 5)
-14
Evaluate (24 + -6 + 15 - 16) + 6.
23
Calculate -25 - -22 - 0 - 18.
-21
Evaluate -15 - -10 - (14 - 13) - (-21 + -1).
16
Calculate (-367 - -358) + 24 + 1.
16
What is 8 + -54 + 43 - (-1 + -6)?
4
Evaluate -11 + (1 + 5 - (-6 + 13)) + 7.
-5
Evaluate 0 + -1 + 0 + (-12 - -18) - -8.
13
Calculate -96 + 122 - (28 - 4).
2
2 - (-4 + -3 + 24 + (-4 - -3))
-14
What is the value of -2 + -10 + 19 - -9?
16
Calculate 43 - (5 + 1) - (117 + -100).
20
Evaluate ((0 - 1) + 3 - (-2 - -4)) + -2.
-2
Calculate 4 - ((3 - 5) + 4 + -2).
4
What is the value of 7 - -10 - 12 - -2?
7
What is the value of 11 - (8 + -2 - (9 - 3)) - -1?
12
-9 + 6 - (-11 + -16)
24
Calculate (1 - 1 - -4) + (-1 - -5) + -2.
6
What is the value of 4 + (3 - (9 - -20))?
-22
What is 3 - ((-4 - -3) + 7)?
-3
(-7 + -4 - 3) + 3 + -11
-22
What is 327 - 368 - (0 - 3 - 12)?
-26
Evaluate -13 + -19 + (17 - -19).
4
Calculate (-3 + 3 - 11) + 0 - -7.
-4
-23 - (-9 + -9 + 26 + (-20 - -6))
-17
Evaluate 20 - (1 - -4) - 9 - (0 + -7).
13
-8 + (13 - 17) + (0 - -12) - 7
-7
Calculate (-15 - -32 - 21) + -13.
-17
Calculate 0 + -8 + 5 + 1 + -10.
-12
What is -13 + (-4 - -6) + 6?
-5
-8 + 0 + (1 - 2) - (83 + -91)
-1
What is the value of -1 + 1 + (-170 - -152)?
-18
What is (9 - (27 - -4)) + 2 + 10 - -2?
-8
What is (69 - 36) + -37 - ((0 - 0) + -18)?
14
Evaluate (-6 - 1) + 283 + -276.
0
4 + 1 + (1 - -1) + 4
11
What is the value of 85 - 70 - (0 + 16)?
-1
What is (6 - 1) + -4 - (2 + -4 + 2)?
1
Evaluate (-21 - -22) + (-1 - -27).
27
Calculate 2 - (14 - 5) - -14.
7
What is the value of 8 - 3 - (7 + (-3 - 10))?
11
18 - (27 - 15 - -1)
5
What is the value of 77 + (-42 - (27 + -26))?
34
Calculate (-2 - 0) + (1 - (-2 + 9)).
-8
Calculate -9 - (-6 - -3 - 14).
8
What is (-5 - (10 - 11) - -8) + -5?
-1
What is the value of 7 - (15 + -7 - (25 + -8))?
16
14 + 13 + -3 + -15
9
Evaluate (17 - 3) + (7 + -20 - 15).
-14
Evaluate -5 + -31 - (-4 + (4 - 1) + -7).
-28
What is -15 - -4 - (5 - 18) - 8?
-6
What is (1 - -6) + 3 - (-15 - (-13 + -5))?
7
Evaluate 3 + (-6 - (-6 - (-10 + 3))).
-4
Evaluate 1 + (-3 - (0 - (-6 + 5 - 5))).
-8
What is (-60 - -15 - -55) + 2 + 17?
29
What is the value of 14 - ((1 - -26) + -4)?
-9
What is -23 - (3 - 9) - -35?
18
5 - (19 - 15) - 1
0
Evaluate -9 - (-11 - (8 + -20)).
-10
Calculate (4 - (-2 + 1 + -4)) + 138 + -139.
8
Evaluate 18 + (-7 - (27 + -13)).
-3
Calculate -8 + (6 - 6) + (7 - 2).
-3
What is the value of -6 + -1 + (23 - 8) + 1?
9
What is -3 + 1 - -1 - (4 - (-22 + 27))?
0
Evaluate 12 + (-15 + 11 - 18).
-10
Calculate -36 - (79 + -68 + 2 + -23 + 2).
-28
What is -12 + 15 + 14 - 5?
12
What is the value of (-4 - (-3 + -4) - 0 - 4) + -3?
-4
(1810 - 1785) + 0 + -8 + 2
19
Evaluate (6 - 0) + (-10 - (-3 + 14 - 15)).
0
What is 2 - (-2 + 4 + (1 + 6 - 8))?
1
Evaluate -22 + (-27 + 14 - (4 + -17)).
-22
What is the value of (-6 - (3 + -3 + -4 - 2)) + -11?
-11
What is (-7 - 10) + 15 - -2?
0
Evaluate -110 + 115 - ((-5 - 0) + -5).
15
Evaluate 4 + -3 + (-10 + 2 - -17).
10
Calculate -8 + (2 - -2) + (1 - 7).
-10
Calculate -3 + 5 + -2 + 5 - (5 + -5).
5
(18 - ((-8 - 9) + 49)) + 50
36
Evaluate -40 + 48 - (4 - -8).
-4
31 + -1 + 10 + (-35 - -12)
17
(18 - (-6 - -27)) + -1 + -6
-10
Calculate -6 + 12 + -6 + 0 + (-18 - 2).
-20
What is (8 - -13) + -1 + -7 + 4 + 0?
17
Calculate -2 + (-18 - -16) + (-2 - -7 - -2).
3
(25 - 0) + -11 + -17
-3
What is the value of 30 + -61 - ((-8 - -12) + -10)?
-25
What is the value of (-30 - -34 - 41) + 15?
-22
Calculate 1 + 3 + -15 + 21 + -2.
8
-150 + 124 - (-4 + -4)
-18
1 + 8 + -18 + (-11 - -17)
-3
What is the value of 16 + 0 - (10 + (8 - 4) - 7)?
9
-7 + (-4 + 2 - -10) - 15
-14
What is the value of 29 + -82 - -41 - 3?
-15
-6 + 18 - -5 - -8 - 6
19
What is (-1 + -1 - (-67 - -33)) + -14?
18
19 + (14 + -9 - 0)
24
Calculate 14 - ((-7 - -1) + 45 + -30) - 19.
-14
Evaluate 1 - (-7 - -4 - (0 + -6)) - -3.
1
Calculate (-20 - -20) + (-1 - -2) - -15.
16
Evaluate 5 + -2 + (29 - (-2 + 25)) + -37.
-28
Calculate 29 - ((-25 - (-1 + -15)) + 10).
28
Evaluate (24 - (20 - -36)) + 5.
-27
What is -177 - -183 - (-13 - -1)?
18
What is the value of -6 + 6 + 17 + -3?
14
What is the value of (0 - -9) + (1 - -18 - 27)?
1
Calculate (-3 - -10) + (0 - (-12 - -12)).
7
Evaluate -4 + 3 - (1 + -5 + 9).
-6
Calculate -214 + 230 - (23 + 0).
-7
Calculate 11 + -1 + (423 - 418).
15
Calculate -2 - (-10 - 3) - 17.
-6
What is (16 - (1 + 8)) + -3 + -1 + -1?
2
Calculate -19 + (2 - -15) - (1 + 8).
-11
-2 + 10 + -6 - (-15 - -23)
-6
Calculate 2 + (-2 - 15) - (297 + -305) - -7.
0
What is (10 - 6 - 7) + (0 - 9)?
-12
Evaluate 8 + (-14 - (-5 + -9 + -19)).
27
What is (-1 - 9 - -2) + (-414 - -415) - -2?
-5
Evaluate -8 + -1 - (96 + -18 + -74).
-13
What is 35 + -15 + -34 + 32 + -1 + 12?
29
Evaluate -22 - (1 - (1 + 10 + -5 + -13)).
-30
(-15 - (-55 + 18)) + -1
21
What is 6 + -12 - -6 - -1?
1
9 + -26 + -14 - -24
-7
What is the value of 680 + -666 - (1 - -9)?
4
Evaluate -44 + 63 - (3 - -35).
-19
What is -6 + 64 + -72 + (20 - 0)?
6
Calculate (-65 - 9 - -42) + 62.
30
What is 26 + 4 + -6 + -10 + 10?
24
What is the value of 0 + -17 + (-59 - -72)?
-4
17 + (0 - -6) + -19 + -33
-29
What is the value of -42 + 44 - (-1 + -1 - 6)?
10
What is 7 + (-9 - (4 + 1 - 11) - 11)?
-7
What is -5 - 6 - (8 + -18)?
-1
What is the value of -2 + 0 + (107 - 99)?
6
(-6 - -24) + -4 + -5 + 0 + 3
12
0 + (0 - -2 - 2) - (-239 - -248)
-9
Calculate -7 + (2 - (14 + -5)) + 43.
29
What is the value of 12 - 6 - 5 - (-1 - 5 - 5)?
12
What is -5 + (0 - (7 - (0 + 7)) - 2)?
-7
10 + (-103 - -106 - (-1 + 9))
5
What is the value of -4 - (-6 - (-6 + 0)) - 8?
-12
26 + -37 + 4 + -4
-11
Calculate 3 - (2 + 2 + -4) - (-22 - -17).
8
Calculate -6 + 1 + (5 - 2).
-2
What is 4 - (-2 + -2 + 6 + 11 + -4)?
-5
What is -2 + 5 + (-1 - 6) + (17 - 5)?
8
(11 - -2) + -8 + -20
-15
What is the value of -18 + (1 - 2) - (-49 + -22 - -72)?
-20
6 - 3 - 1 - -11 - (-251 - -253)
11
What is -32 - ((-7 - -5) + (3 - 3 - -1))?
-31
Calculate 7 + -3 + (-8 - (11 + -22)) - 12.
-5
1 + 11 + (-17 - -9) - 7
-3
What is (13 - ((-26 - -19) + 5 + 1)) + 0?
14
Calculate (11 + -17 - -18) + -7.
5
What is the value of -15 + (-19 + 0 - -17)?
-17
Evaluate (4 - 2) + ((-21 - -1) + 6 - -10).
-2
5 - ((7 - (4 + (1 - 10))) + 8)
-15
Calculate (-37 - -58 - -22) + -19.
24
Evaluate 31 + -35 - (3 - 16).
9
Evaluate -6 - (-10 - -2) - (8 - 0).
-6
What is -25 +